Suppose 5*k = -4*z + 116752, -7*z - 85*k + 204273 = -87*k. What is the thousands digit of z?
9
Let l(k) = -2352*k - 909. What is the tens digit of l(-10)?
1
Let w = 5046 + -536. What is the tens digit of w?
1
Suppose -12*a + 2835 = 15*a. What is the hundreds digit of ((-90)/a)/(2/(-1120))?
4
Let x be 14342/(-568)*(-8 - 0). Let a(n) = -n**2 - n + 4. Let c be a(0). Suppose 3*m - x = m - 4*r, c*m - 4*r - 464 = 0. What is the tens digit of m?
1
Let t = 9628 - -5425. What is the units digit of t?
3
Suppose 13 = -2*d + 2*z - 3, 0 = -5*d - 4*z - 76. Let c be (18 + -4)/(-2)*d. Suppose -21*h - c = -22*h. What is the tens digit of h?
8
Let y(b) = -352*b - 460. What is the units digit of y(-23)?
6
Suppose -9*r + 24 = -5*r. Suppose r*d - 42 = -12. Suppose 0 = -4*h, -k + d*h - 444 = -4*k. What is the units digit of k?
8
Suppose 0 = -2*o + 5 + 9. Let a be (o/(-3))/(14/(-42)). Suppose -a*y = -3*y - 16. What is the units digit of y?
4
Suppose -22 = 5*l + k, 5*k = l + 5 + 15. Let w = l + 5. Suppose w = -v + 3*r + 233, 0 = 2*v - 0*v - 2*r - 474. What is the units digit of v?
9
Let j(z) = 36*z**2 + 6*z. Let y be j(-1). Let k(p) = p**2 - 10*p - 19. What is the units digit of k(y)?
1
Let i(r) = 52*r**2 - 15*r - 11. Let c be i(9). Suppose -26*h + 1446 + c = 0. What is the tens digit of h?
1
Suppose -10*j = -13*j - 168. Let r(t) = 2*t + 1. Let b be r(-1). What is the tens digit of (-2)/(j/455) + b/4?
1
What is the thousands digit of 5392 + 168/588 + 9/(-7)?
5
Let w(i) = i**3 + 5*i**2 - 5*i - 8. Let n(y) = -5*y + 12. Let h be n(3). What is the tens digit of w(h)?
2
Suppose -4205 = -4*t + 17347. What is the thousands digit of t?
5
Let x(l) be the second derivative of -7/6*l**3 + 7/2*l**2 + 0 - 13*l + 50/3*l**4. What is the units digit of x(1)?
0
Suppose 1420 = -8*i + 3396. What is the tens digit of -1*(0 - (-5 + i))?
4
Let u = 126 - 126. Suppose -398 = -2*k - 3*x + 487, u = -k + x + 450. What is the tens digit of k?
4
Suppose -3*x - 4*h = 2*x - 480, 3*x + 5*h = 288. Let f = x + -106. What is the units digit of 9/(10/f + (-23)/(-20))?
0
Let l(v) = -20*v - 35. Let y be l(-11). Suppose 0 = i - 2*u - y, 4*u + 0*u - 338 = -2*i. What is the units digit of i?
7
Let q be (-18)/(-24) - (-13)/4. Suppose -5*g = -k + 25 + 25, 5*k + q*g = 395. Suppose -2*h - 4*w + 148 = 0, -h + k = 4*w + 3. What is the tens digit of h?
7
Let d(y) = -2*y**2 + y + 38. Let k be d(6). Let n = 176 - k. Let s = -23 + n. What is the units digit of s?
1
Let p = 25 - -708. Let t = p - 428. What is the tens digit of t?
0
Suppose 35 = 6*t + t. Let v be 12/t - (-8)/(-20). Suppose -5*o + v*n - 5*n = -482, -2*o - 5*n = -208. What is the units digit of o?
4
Let x(r) = 2*r**3 - 20*r**2 + 3*r + 34. Let v be x(10). Suppose v*d - 67*d + 2472 = 0. What is the tens digit of d?
2
Suppose -340652 = -44*u + 284192. What is the hundreds digit of u?
2
Suppose 5*n - 40*n - 105 = 0. What is the hundreds digit of n*9/27*-171?
1
Suppose -2*z - 2 = 4*z - 4*h, 0 = 5*z - h - 3. What is the tens digit of ((z + 173)/6)/((-5)/(-300))?
4
Let h be ((-6 - -2) + 7)*(-2)/(-3). Suppose -376 = -4*b + 5*n, 5*b - h*n - n = 483. What is the tens digit of b?
9
Suppose 3*m + 2*m = 5*r + 45, 0 = 2*m + 4*r. Let i(b) = b - 2. Let w be i(m). Suppose w*h - 27 = 73. What is the units digit of h?
5
Suppose -21 = -5*l - 6. Suppose 4*t - 121 = -3*h, 2*t - t = -l*h + 37. Suppose -4*o = -0*o - 3*c - 20, -3*o - c = -t. What is the units digit of o?
8
Let k(m) = 10*m**2 + 6*m + 8. Suppose 7*f - 5*l + 32 = 3*f, 0 = f - 3*l + 15. Let p be k(f). Let t = 149 - p. What is the tens digit of t?
6
Let u(r) = -12*r - 20. Let d be u(0). What is the hundreds digit of ((-495)/d)/((-6)/(-32)*1)?
1
Suppose -4*d + 13152 = -4*x + 1360, -2928 = -d - 3*x. Let k = d + -1772. What is the tens digit of k?
7
Let o(c) = c**3 - 32*c**2 + 73*c - 26. Let k be o(30). Suppose k = 2*l - 750. What is the hundreds digit of l?
5
Suppose -38*f + 49168 = -34*f + 4*d, -3*f - 4*d = -36871. What is the units digit of f?
7
Let x = 183 + 2015. What is the thousands digit of x?
2
Let i(f) be the first derivative of 5*f**2/2 + 137*f + 237. What is the tens digit of i(16)?
1
Let x(v) = -15*v**2 + 494*v - 8. What is the thousands digit of x(8)?
2
Suppose -1468 + 238 = 5*v. Let m = v + 264. What is the units digit of m?
8
Let j(s) = 652*s - 1017. What is the hundreds digit of j(5)?
2
Let x(z) be the second derivative of z**7/252 - z**5/60 - 5*z**4/4 + 10*z. Let o(b) be the third derivative of x(b). What is the tens digit of o(-4)?
5
Let k = 43177 + -32971. What is the units digit of k?
6
Suppose 864442 = 37*z - 522392. What is the ten thousands digit of z?
3
Let g = -3114 + 1917. Let q = 91 + -113. What is the hundreds digit of g*2/q - (-42)/231?
1
Suppose 12*f - 34574 = 45*f - 434534. What is the ten thousands digit of f?
1
Let g = 16893 + -5675. What is the tens digit of g?
1
Let b(y) = -157*y - 15. Let n be b(-8). Suppose 0 = 4*w - n - 959. Suppose w = 7*i - 444. What is the tens digit of i?
4
Let z = 4004 - -3929. What is the tens digit of z?
3
Let j = 2217 - 1433. Suppose j = 26*k - 24*k. What is the units digit of k?
2
Let o(j) = j**2 + 10. Let k be o(0). Suppose k*s - 6*s = 0. Suppose s = r + q - 170, 4*r = -3*q + 208 + 467. What is the units digit of r?
5
Let h = -31 + 77. Let k = h - 44. Suppose 2*z - 4*d + k*d = 156, 3*d + 6 = 0. What is the units digit of z?
6
Let z(m) = m**2 + 6*m - 69. Let u be z(-12). What is the thousands digit of ((-7)/(-1) - u) + 1701 + -4?
1
Let a(f) = f - 1. Let y(p) = -10*p + 5. Let r(u) = 4*a(u) - 4*y(u). What is the tens digit of r(9)?
7
Suppose 422*q - 388*q - 4148 = 0. Let k be 366/(-4) - (-2)/4. Let s = k + q. What is the units digit of s?
1
Let d be 10 + -3 - (322 - -8). Let f = -128 - d. What is the tens digit of f?
9
Let m = -46 - -50. Let x be 5/(-2)*m/10. What is the units digit of ((-27)/(-2) - x)*(3 + -1)?
9
What is the units digit of 6757 - (19 - -5 - 6)?
9
Let o(a) = -a**3 - 6*a**2 - 2*a - 7. Let i be o(-6). Suppose -2*w = r - 249, -5*w + 0*r - i*r + 630 = 0. What is the tens digit of w?
2
Let l be (-3)/(-6) - (6 - (-77)/(-14)). Suppose l = -4*p - k + 176 + 1415, -3*p + 4*k = -1217. What is the units digit of p?
9
Suppose 3*z - 1502 = 5*j + 2*z, 3*z = -3*j - 894. Let l = 13 - j. What is the hundreds digit of l?
3
Suppose -4*y - 10 + 46 = 0. Suppose 2*b + y = 5*b. Suppose -b*c - 5*p = -2*c - 94, 12 = -4*p. What is the hundreds digit of c?
1
Let o = 133 - 131. Suppose o*n = 18*n - 5120. What is the units digit of n?
0
Let n(r) = -102*r + 53 - 89*r + 190*r. Let u be ((0 - 0)/(-1))/(-1). What is the units digit of n(u)?
3
Let l = 81618 + -57968. What is the units digit of l?
0
Let n(m) = -74*m**2 + 2*m + 10. Let f be n(2). Let c = f - -1318. What is the tens digit of c?
3
Let a(p) = 5*p**3 - 3*p**2 - 8*p + 18. Let w be a(16). Suppose -59*k = -37*k - w. What is the tens digit of k?
9
Let i(y) = -14*y**2 + 1074*y - 28. What is the units digit of i(34)?
4
Let s(p) be the first derivative of -p**4/4 - 5*p**3/3 + 13*p**2 - 10*p + 37. What is the units digit of s(-12)?
6
Let n(q) = 77*q + 33. Suppose -332 + 344 = 3*k. What is the hundreds digit of n(k)?
3
Let s = -46966 - -115106. What is the tens digit of s?
4
Let m be ((-13)/3 + 5)/((-2)/(-6)). Let s be (-19)/m + 20/(-40). What is the units digit of ((-40)/s)/((-2)/(-23))?
6
Suppose z = 3*m + 11, -2*m + 47 = 5*z - 8. Suppose -z*w = -21*w + 300. What is the tens digit of w?
3
What is the tens digit of ((-5)/(-2)*(-6)/(-10))/(8/41680)?
1
Suppose 156 = 24*x - 12*x. Suppose z + x - 196 = 0. What is the hundreds digit of z?
1
What is the tens digit of ((-2)/(-1) + 11399)/(3 + 182/(-65))?
0
Let d(p) = 2*p**2 - 3*p + 1115. What is the ten thousands digit of d(-138)?
3
Suppose 2*l - 2*n = -568, -19*l + 576 = -21*l + 4*n. Let j = l - -423. What is the units digit of j?
3
Let i = -328 + 328. Suppose -4*r = 12, i*n + 453 = 3*n - 3*r. What is the hundreds digit of n?
1
Suppose 5*v + 406 = -2*v. Let o be -3 - (-1 - 6) - v. Let h = -33 + o. What is the units digit of h?
9
Suppose 39*q = 131282 + 64552 + 32862. What is the units digit of q?
4
Suppose -3*x - 4*z = -37, 2 = z + 4. Suppose -l + 94 = -4*c, -5*c - x - 10 = 0. What is the units digit of l?
4
Let n = 16793 - 9740. What is the tens digit of n?
5
Let l(m) = -1